ommon factor of 4386 and 816.
102
What is the greatest common divisor of 72 and 79794?
18
What is the greatest common factor of 1794 and 1102712?
598
What is the greatest common divisor of 3779745 and 15?
15
What is the highest common divisor of 43 and 601?
1
Calculate the highest common divisor of 516 and 79851.
129
Calculate the highest common factor of 2084 and 80.
4
Calculate the highest common factor of 8 and 89924.
4
Calculate the greatest common divisor of 795326 and 182.
14
What is the greatest common factor of 59376 and 48?
48
What is the greatest common divisor of 2225950 and 50?
50
What is the highest common divisor of 134771 and 203?
7
Calculate the highest common factor of 1378 and 30056.
26
What is the highest common divisor of 408225 and 9?
3
Calculate the highest common divisor of 267 and 2438333.
89
Calculate the highest common factor of 105 and 252665.
35
What is the highest common factor of 84 and 11298?
42
What is the highest common factor of 903019 and 26?
13
Calculate the highest common divisor of 20922 and 6666.
66
What is the greatest common divisor of 74659 and 26?
13
What is the greatest common factor of 28367 and 76?
19
Calculate the highest common factor of 290567 and 164.
41
Calculate the greatest common factor of 5250 and 168.
42
What is the greatest common divisor of 192 and 2123232?
96
What is the greatest common divisor of 82973 and 209?
209
Calculate the greatest common divisor of 879 and 10.
1
What is the greatest common divisor of 44331 and 189?
21
Calculate the highest common divisor of 177056 and 1056.
352
What is the highest common factor of 11711 and 1960?
49
What is the greatest common divisor of 216 and 12359196?
108
Calculate the highest common factor of 849762 and 612.
306
What is the highest common divisor of 33 and 1454409?
33
Calculate the highest common divisor of 765 and 680.
85
Calculate the highest common factor of 1325 and 289910.
265
Calculate the greatest common factor of 2976 and 2139.
93
Calculate the highest common factor of 4394274 and 1234.
1234
Calculate the highest common divisor of 92477 and 385.
77
What is the greatest common factor of 723224 and 16?
8
What is the highest common factor of 7308 and 5148?
36
Calculate the greatest common factor of 243 and 390987.
243
Calculate the highest common factor of 1095 and 27813.
219
Calculate the greatest common divisor of 2479 and 9313.
67
Calculate the highest common factor of 1608 and 42612.
804
Calculate the highest common divisor of 4 and 551260.
4
Calculate the highest common divisor of 14 and 120.
2
Calculate the highest common divisor of 1400 and 7175.
175
What is the highest common divisor of 516 and 454596?
516
Calculate the greatest common divisor of 5751 and 30204.
9
What is the highest common divisor of 9307 and 2747?
41
Calculate the greatest common factor of 243918 and 162.
54
What is the highest common factor of 7766 and 264?
22
What is the highest common divisor of 154 and 5488?
14
What is the greatest common factor of 11814 and 154?
22
Calculate the greatest common divisor of 36 and 44685.
9
What is the greatest common divisor of 658 and 5679198?
658
What is the highest common factor of 6855 and 11535?
15
Calculate the highest common divisor of 7866 and 15333.
57
What is the greatest common factor of 65100 and 11700?
300
Calculate the greatest common factor of 32863 and 295.
59
Calculate the highest common factor of 4410 and 212562.
882
What is the greatest common factor of 162 and 563166?
54
What is the greatest common factor of 32900 and 2021?
47
What is the greatest common divisor of 35 and 4790065?
35
Calculate the highest common divisor of 652 and 225103.
163
What is the greatest common divisor of 1270302 and 114?
114
Calculate the greatest common factor of 3871725 and 1254.
627
Calculate the greatest common factor of 85968 and 4104.
216
Calculate the highest common factor of 1090133 and 110.
11
What is the greatest common divisor of 35 and 622195?
35
Calculate the highest common divisor of 50603 and 161.
7
Calculate the highest common factor of 240 and 6288.
48
Calculate the greatest common divisor of 108146 and 506.
46
Calculate the greatest common factor of 574 and 224.
14
What is the highest common divisor of 232 and 345448?
232
What is the highest common divisor of 24915 and 88?
11
Calculate the highest common factor of 711035 and 65.
65
What is the highest common factor of 661375 and 65?
65
Calculate the highest common divisor of 66 and 26851.
11
Calculate the highest common factor of 272 and 1760.
16
Calculate the highest common divisor of 1715 and 20335.
245
What is the greatest common divisor of 39613 and 7?
7
What is the greatest common factor of 437 and 16215?
23
What is the highest common divisor of 331913 and 207?
23
What is the greatest common factor of 240 and 37305?
15
Calculate the greatest common factor of 1180 and 9322.
118
What is the highest common factor of 158586 and 30?
6
Calculate the greatest common factor of 144 and 78066.
18
Calculate the highest common divisor of 49 and 80.
1
Calculate the highest common divisor of 41089 and 85.
17
Calculate the greatest common factor of 1147 and 1643.
31
Calculate the highest common divisor of 229063 and 4377.
1459
What is the highest common factor of 146737 and 513?
19
Calculate the highest common factor of 374 and 2308141.
187
What is the greatest common factor of 780 and 4933500?
780
What is the greatest common divisor of 208234 and 624?
26
What is the highest common divisor of 1027 and 199992?
13
Calculate the greatest common divisor of 162233 and 1166.
53
What is the highest common factor of 1788 and 1884?
12
Calculate the highest common divisor of 3 and 20289.
3
Calculate the greatest common factor of 1135 and 127.
1
What is the greatest common factor of 2000 and 440400?
400
Calculate the greatest common factor of 968 and 280456.
88
Calculate the greatest common divisor of 352 and 30448.
176
What is the highest common factor of 621 and 84801?
69
Calculate the highest common factor of 176 and 6358.
22
Calculate the highest common divisor of 61769 and 703.
19
Calculate the highest common factor of 35354 and 176.
22
What is the highest common factor of 5723 and 64782?
59
What is the greatest common factor of 7319 and 143?
13
What is the highest common factor of 510 and 2875890?
510
What is the highest common factor of 254 and 80391?
127
Calculate the greatest common factor of 197925 and 13.
13
Calculate the highest common divisor of 13020 and 8835.
465
What is the highest common divisor of 4296 and 1884?
12
Calculate the greatest common factor of 987120 and 54.
54
Calculate the highest common factor of 224667 and 265.
53
Calculate the highest common divisor of 561 and 4.
1
Calculate the highest common factor of 245807 and 6590.
659
What is the highest common factor of 4490 and 1560?
10
Calculate the highest common divisor of 278 and 25715.
139
What is the highest common factor of 759126 and 38?
38
Calculate the highest common divisor of 18 and 194124.
6
Calculate the highest common factor of 24 and 87936.
24
Calculate the greatest common factor of 3157 and 7546.
77
Calculate the greatest common factor of 2280 and 2764120.
760
What is the highest common factor of 8 and 148976?
8
Calculate the highest common factor of 3168 and 42592.
352
What is the highest common factor of 10 and 1674150?
10
What is the highest common factor of 876 and 57743?
73
What is the highest common factor of 1765 and 35?
5
What is the highest common factor of 213 and 251837?
71
What is the greatest common divisor of 2820 and 9?
3
What is the greatest common factor of 31 and 639871?
31
What is the greatest common divisor of 477 and 757158?
159
What is the greatest common factor of 15 and 174805?
5
Calculate the highest common factor of 12956 and 8692.
164
What is the greatest common factor of 264 and 39776?
88
What is the greatest common divisor of 354454 and 62?
62
What is the highest common factor of 577920 and 3870?
1290
Calculate the highest common factor of 6142 and 1184.
74
What is the highest common factor of 49226 and 37750?
302
Calculate the greatest common factor of 74424 and 40.
8
What is the greatest common divisor of 53495 and 169?
13
What is the greatest common d